ctors of 58490264?
2, 7, 229, 4561
List the prime factors of 5990667225.
3, 5, 19, 37, 113621
What are the prime factors of 697736611?
11, 13, 79, 4751
What are the prime factors of 4078282805?
5, 815656561
What are the prime factors of 267801452?
2, 2837, 23599
List the prime factors of 72170740.
2, 5, 19, 257, 739
List the prime factors of 153756138.
2, 3, 101, 349, 727
What are the prime factors of 34430459?
7, 4918637
What are the prime factors of 39021557?
4969, 7853
What are the prime factors of 947555539?
7, 135365077
List the prime factors of 1770374723.
13, 19, 7167509
List the prime factors of 140022504.
2, 3, 37, 52561
What are the prime factors of 52443385?
5, 17, 36293
List the prime factors of 22134095.
5, 1951, 2269
What are the prime factors of 1839440939?
7, 19, 23, 85903
What are the prime factors of 608598419?
11, 13, 17, 2069
List the prime factors of 743826879.
3, 41, 2015791
List the prime factors of 6101289112.
2, 661, 1153799
List the prime factors of 263774396.
2, 23, 577, 4969
What are the prime factors of 1023335871?
3, 4271, 79867
What are the prime factors of 383042449?
383042449
List the prime factors of 53450614.
2, 7, 101, 103, 367
What are the prime factors of 102590188?
2, 2207, 11621
List the prime factors of 40906038.
2, 3, 103, 66191
List the prime factors of 677133005.
5, 10499, 12899
What are the prime factors of 3313915252?
2, 31, 3121, 8563
List the prime factors of 67768452.
2, 3, 1882457
List the prime factors of 2221231687.
631, 863, 4079
List the prime factors of 15252816.
2, 3, 47, 6761
List the prime factors of 3716629931.
7, 10691, 49663
What are the prime factors of 4155529?
7, 593647
What are the prime factors of 2245256284?
2, 97, 137, 42239
What are the prime factors of 1152360985?
5, 31, 7434587
What are the prime factors of 38221194?
2, 3, 11, 73, 7933
What are the prime factors of 66137492?
2, 16534373
List the prime factors of 409490692.
2, 13, 37, 331, 643
What are the prime factors of 890496376?
2, 7, 11, 83, 17417
List the prime factors of 187518698.
2, 29, 3233081
List the prime factors of 3295702639.
103, 31997113
What are the prime factors of 258338682?
2, 3, 7, 41843
List the prime factors of 534891083.
67, 7983449
What are the prime factors of 3738082287?
3, 19, 37, 443, 4001
What are the prime factors of 1043134056?
2, 3, 2477, 5849
What are the prime factors of 786908858?
2, 43, 2467, 3709
What are the prime factors of 788314309?
281, 2805389
What are the prime factors of 3221470131?
3, 11, 17, 5742371
List the prime factors of 335022941.
11, 829, 36739
List the prime factors of 152276661.
3, 16919629
What are the prime factors of 370009439?
19, 751, 25931
List the prime factors of 15540431.
17, 739, 1237
What are the prime factors of 168074573?
43, 3908711
What are the prime factors of 44481586?
2, 23, 966991
What are the prime factors of 1198603105?
5, 7, 17, 2014459
List the prime factors of 2360858589.
3, 89, 199, 4937
What are the prime factors of 1078876809?
3, 119875201
List the prime factors of 220463211.
3, 23, 61, 52379
What are the prime factors of 571321119?
3, 190440373
List the prime factors of 127149986.
2, 61, 463, 2251
List the prime factors of 72853698.
2, 3, 12142283
List the prime factors of 1127000437.
23, 61, 239, 3361
What are the prime factors of 25520117?
7, 3645731
List the prime factors of 1173016201.
7, 17, 9857279
What are the prime factors of 228773699?
7, 11, 19, 89, 251
List the prime factors of 14425908.
2, 3, 7, 199, 863
List the prime factors of 91355101.
1879, 48619
List the prime factors of 2307684219.
3, 10459, 73547
List the prime factors of 5466599865.
3, 5, 23, 59, 89521
List the prime factors of 26139021.
3, 8713007
What are the prime factors of 2225723686?
2, 1112861843
List the prime factors of 2084330870.
2, 5, 208433087
What are the prime factors of 220354431?
3, 11, 607037
List the prime factors of 104945533.
7, 11, 1362929
What are the prime factors of 78109061?
78109061
What are the prime factors of 2308367462?
2, 29, 39799439
What are the prime factors of 1486400194?
2, 71, 10467607
What are the prime factors of 244762449?
3, 149, 547567
List the prime factors of 108928477.
7, 15561211
List the prime factors of 1242893049.
3, 29, 14286127
List the prime factors of 164970100.
2, 5, 1033, 1597
What are the prime factors of 146186834?
2, 2777, 26321
List the prime factors of 60677720.
2, 5, 683, 2221
List the prime factors of 27282663.
3, 336823
What are the prime factors of 322046719?
322046719
List the prime factors of 966501325.
5, 43, 211, 4261
List the prime factors of 30377511.
3, 127, 2953
What are the prime factors of 4339628101?
19, 9649, 23671
List the prime factors of 6108987.
3, 1427
What are the prime factors of 25748801?
13, 107, 173
What are the prime factors of 155372186?
2, 31, 2506003
List the prime factors of 2311776003.
3, 20731, 37171
List the prime factors of 530443937.
41, 167, 77471
List the prime factors of 28156246.
2, 31, 73, 6221
What are the prime factors of 422028140?
2, 5, 21101407
What are the prime factors of 3106022146?
2, 6833, 227281
What are the prime factors of 52438033?
52438033
List the prime factors of 71229350.
2, 5, 53, 26879
What are the prime factors of 101306890?
2, 5, 2111, 4799
What are the prime factors of 729879562?
2, 23, 31, 487, 1051
What are the prime factors of 35973022?
2, 223, 80657
List the prime factors of 791047693.
791047693
List the prime factors of 47783753.
17, 257, 10937
List the prime factors of 3263803197.
3, 137, 823, 9649
List the prime factors of 1657855829.
7, 236836547
List the prime factors of 404731054.
2, 7, 13, 67, 33191
List the prime factors of 46417311.
3, 5157479
What are the prime factors of 4085414865?
3, 5, 7, 19, 41, 16649
List the prime factors of 1592263006.
2, 73, 10905911
What are the prime factors of 510063394?
2, 255031697
List the prime factors of 1502012473.
13, 115539421
What are the prime factors of 1201061850?
2, 3, 5, 509, 15731
List the prime factors of 132544658.
2, 673, 98473
List the prime factors of 48393962.
2, 139, 174079
What are the prime factors of 9991941?
3, 89, 37423
List the prime factors of 13460633.
421, 31973
List the prime factors of 226678643.
101, 739, 3037
What are the prime factors of 3628908155?
5, 41, 83, 271, 787
What are the prime factors of 163923121?
163923121
What are the prime factors of 8773751524?
2, 19, 29, 3980831
List the prime factors of 2126982698.
2, 89, 11949341
List the prime factors of 1809282898.
2, 904641449
List the prime factors of 116478340.
2, 5, 11, 71, 7457
List the prime factors of 118545385.
5, 7, 3387011
List the prime factors of 1375229045.
5, 275045809
List the prime factors of 177761221.
11, 367, 4003
What are the prime factors of 885030414?
2, 3, 1063, 138763
What are the prime factors of 4052761414?
2, 13, 23, 223, 30391
What are the prime factors of 159805611?
3, 7, 362371
What are the prime factors of 3293553900?
2, 3, 5, 7, 13, 223, 541
What are the prime factors of 42120779?
43, 979553
List the prime factors of 370182622.
2, 29, 47, 229, 593
List the prime factors of 5428036.
2, 1357009
List the prime factors of 44480319.
3, 13, 31, 36791
What are the prime factors of 29403297?
3, 7, 11, 14143
List the prime factors of 5244957013.
757, 6928609
List the prime factors of 971586353.
2621, 370693
What are the prime factors of 333573284?
2, 11, 689201
List the prime factors of 1150754322.
2, 3, 1627, 117881
What are the prime factors of 2435553137?
2435553137
List the prime factors of 426448822.
2, 213224411
List the prime factors of 1524288058.
2, 541, 1408769
List the prime factors of 59034963.
3, 13, 1513717
What are the prime factors of 27053857?
27053857
List the prime factors of 102470211.
3, 19, 10513
What are the prime factors of 878379637?
23, 29, 31, 1847
What are the prime factors of 28746169?
4721, 6089
List the prime factors of 272259869.
7, 241, 161387
What are the prime factors of 43747430?
2, 5, 4374743
List the prime factors of 1245424123.
439, 563, 5039
List the prime factors of 684213408.
2, 3, 19, 6581
List the prime factors of 45356279.
113, 199, 2017
What are the prime factors of 150199209?
3, 16688801
List the prime factors of 9528730.
2, 5, 952873
List th